[INFO] cloning repository https://github.com/williammartin/gilded-rose-rust
[INFO] running `Command { std: "git" "-c" "credential.helper=" "-c" "credential.helper=/workspace/cargo-home/bin/git-credential-null" "clone" "--bare" "https://github.com/williammartin/gilded-rose-rust" "/workspace/cache/git-repos/https%3A%2F%2Fgithub.com%2Fwilliammartin%2Fgilded-rose-rust", kill_on_drop: false }`
[INFO] [stderr] Cloning into bare repository '/workspace/cache/git-repos/https%3A%2F%2Fgithub.com%2Fwilliammartin%2Fgilded-rose-rust'...
[INFO] running `Command { std: "git" "rev-parse" "HEAD", kill_on_drop: false }`
[INFO] [stdout] f35c2b6c80a1a9a662575b673c753f5ad282e88e
[INFO] checking williammartin/gilded-rose-rust against try#72f88fc4e9458f89516a0b8b0868f3718aec5b47 for pr-74989
[INFO] running `Command { std: "git" "clone" "/workspace/cache/git-repos/https%3A%2F%2Fgithub.com%2Fwilliammartin%2Fgilded-rose-rust" "/workspace/builds/worker-5/source", kill_on_drop: false }`
[INFO] [stderr] Cloning into '/workspace/builds/worker-5/source'...
[INFO] [stderr] done.
[INFO] validating manifest of git repo https://github.com/williammartin/gilded-rose-rust on toolchain 72f88fc4e9458f89516a0b8b0868f3718aec5b47
[INFO] running `Command { std: "/workspace/cargo-home/bin/cargo" "+72f88fc4e9458f89516a0b8b0868f3718aec5b47" "read-manifest" "--manifest-path" "Cargo.toml", kill_on_drop: false }`
[INFO] started tweaking git repo https://github.com/williammartin/gilded-rose-rust
[INFO] finished tweaking git repo https://github.com/williammartin/gilded-rose-rust
[INFO] tweaked toml for git repo https://github.com/williammartin/gilded-rose-rust written to /workspace/builds/worker-5/source/Cargo.toml
[INFO] crate git repo https://github.com/williammartin/gilded-rose-rust already has a lockfile, it will not be regenerated
[INFO] running `Command { std: "/workspace/cargo-home/bin/cargo" "+72f88fc4e9458f89516a0b8b0868f3718aec5b47" "fetch" "--locked" "--manifest-path" "Cargo.toml", kill_on_drop: false }`
[INFO] running `Command { std: "docker" "create" "-v" "/var/lib/crater-agent-workspace/builds/worker-5/target:/opt/rustwide/target:rw,Z" "-v" "/var/lib/crater-agent-workspace/builds/worker-5/source:/opt/rustwide/workdir:ro,Z" "-v" "/var/lib/crater-agent-workspace/cargo-home:/opt/rustwide/cargo-home:ro,Z" "-v" "/var/lib/crater-agent-workspace/rustup-home:/opt/rustwide/rustup-home:ro,Z" "-e" "SOURCE_DIR=/opt/rustwide/workdir" "-e" "CARGO_TARGET_DIR=/opt/rustwide/target" "-e" "CARGO_HOME=/opt/rustwide/cargo-home" "-e" "RUSTUP_HOME=/opt/rustwide/rustup-home" "-w" "/opt/rustwide/workdir" "-m" "1610612736" "--user" "0:0" "--network" "none" "rustops/crates-build-env@sha256:d92eaeed33fa75130ca1ee6c8a01d1ffb62bac859dfdfb3450e3e5d1c0146529" "/opt/rustwide/cargo-home/bin/cargo" "+72f88fc4e9458f89516a0b8b0868f3718aec5b47" "metadata" "--no-deps" "--format-version=1", kill_on_drop: false }`
[INFO] [stdout] 241c50171ffb670118e40ac788bad7858b2961c475d5f0d792554426e086c554
[INFO] [stderr] WARNING: Your kernel does not support swap limit capabilities or the cgroup is not mounted. Memory limited without swap.
[INFO] running `Command { std: "docker" "start" "-a" "241c50171ffb670118e40ac788bad7858b2961c475d5f0d792554426e086c554", kill_on_drop: false }`
[INFO] running `Command { std: "docker" "inspect" "241c50171ffb670118e40ac788bad7858b2961c475d5f0d792554426e086c554", kill_on_drop: false }`
[INFO] running `Command { std: "docker" "rm" "-f" "241c50171ffb670118e40ac788bad7858b2961c475d5f0d792554426e086c554", kill_on_drop: false }`
[INFO] [stdout] 241c50171ffb670118e40ac788bad7858b2961c475d5f0d792554426e086c554
[INFO] running `Command { std: "docker" "create" "-v" "/var/lib/crater-agent-workspace/builds/worker-5/target:/opt/rustwide/target:rw,Z" "-v" "/var/lib/crater-agent-workspace/builds/worker-5/source:/opt/rustwide/workdir:ro,Z" "-v" "/var/lib/crater-agent-workspace/cargo-home:/opt/rustwide/cargo-home:ro,Z" "-v" "/var/lib/crater-agent-workspace/rustup-home:/opt/rustwide/rustup-home:ro,Z" "-e" "SOURCE_DIR=/opt/rustwide/workdir" "-e" "CARGO_TARGET_DIR=/opt/rustwide/target" "-e" "CARGO_INCREMENTAL=0" "-e" "RUST_BACKTRACE=full" "-e" "RUSTFLAGS=--cap-lints=forbid" "-e" "CARGO_HOME=/opt/rustwide/cargo-home" "-e" "RUSTUP_HOME=/opt/rustwide/rustup-home" "-w" "/opt/rustwide/workdir" "-m" "1610612736" "--user" "0:0" "--network" "none" "rustops/crates-build-env@sha256:d92eaeed33fa75130ca1ee6c8a01d1ffb62bac859dfdfb3450e3e5d1c0146529" "/opt/rustwide/cargo-home/bin/cargo" "+72f88fc4e9458f89516a0b8b0868f3718aec5b47" "check" "--frozen" "--all" "--all-targets" "--message-format=json", kill_on_drop: false }`
[INFO] [stdout] d655871f50d13d8df01f55900acae0cb783b98c5c447e760d40b970e236b75d8
[INFO] [stderr] WARNING: Your kernel does not support swap limit capabilities or the cgroup is not mounted. Memory limited without swap.
[INFO] running `Command { std: "docker" "start" "-a" "d655871f50d13d8df01f55900acae0cb783b98c5c447e760d40b970e236b75d8", kill_on_drop: false }`
[INFO] [stderr]     Checking gilded_rose v0.1.0 (/opt/rustwide/workdir)
[INFO] [stdout] error[E0583]: file not found for module `update`
[INFO] [stdout]  --> src/lib.rs:6:1
[INFO] [stdout]   |
[INFO] [stdout] 6 | mod update;
[INFO] [stdout]   | ^^^^^^^^^^^
[INFO] [stdout]   |
[INFO] [stdout]   = help: to create the module `update`, create file "src/update.rs"
[INFO] [stdout] 
[INFO] [stdout] 
[INFO] [stdout] error[E0583]: file not found for module `cond`
[INFO] [stdout]  --> src/lib.rs:7:1
[INFO] [stdout]   |
[INFO] [stdout] 7 | mod cond;
[INFO] [stdout]   | ^^^^^^^^^
[INFO] [stdout]   |
[INFO] [stdout]   = help: to create the module `cond`, create file "src/cond.rs"
[INFO] [stdout] 
[INFO] [stdout] 
[INFO] [stdout] error[E0583]: file not found for module `update`
[INFO] [stdout]  --> src/lib.rs:6:1
[INFO] [stdout]   |
[INFO] [stdout] 6 | mod update;
[INFO] [stdout]   | ^^^^^^^^^^^
[INFO] [stdout]   |
[INFO] [stdout]   = help: to create the module `update`, create file "src/update.rs"
[INFO] [stdout] 
[INFO] [stdout] 
[INFO] [stdout] error[E0583]: file not found for module `cond`
[INFO] [stdout]  --> src/lib.rs:7:1
[INFO] [stdout]   |
[INFO] [stdout] 7 | mod cond;
[INFO] [stdout]   | ^^^^^^^^^
[INFO] [stdout]   |
[INFO] [stdout]   = help: to create the module `cond`, create file "src/cond.rs"
[INFO] [stdout] 
[INFO] [stdout] 
[INFO] [stdout] error[E0433]: failed to resolve: use of undeclared type or module `ItemChange`
[INFO] [stdout]   --> src/lib.rs:41:27
[INFO] [stdout]    |
[INFO] [stdout] 41 |             effects: vec![ItemChange::DecreaseSellInByOne],
[INFO] [stdout]    |                           ^^^^^^^^^^ use of undeclared type or module `ItemChange`
[INFO] [stdout] 
[INFO] [stdout] 
[INFO] [stdout] error[E0433]: failed to resolve: use of undeclared type or module `ItemChange`
[INFO] [stdout]   --> src/lib.rs:74:31
[INFO] [stdout]    |
[INFO] [stdout] 74 |                 effects: vec![ItemChange::DecreaseQuality(1)],
[INFO] [stdout]    |                               ^^^^^^^^^^ use of undeclared type or module `ItemChange`
[INFO] [stdout] 
[INFO] [stdout] 
[INFO] [stdout] error[E0433]: failed to resolve: use of undeclared type or module `SellByCondition`
[INFO] [stdout]   --> src/lib.rs:77:37
[INFO] [stdout]    |
[INFO] [stdout] 77 |                 condition: Box::new(SellByCondition::After),
[INFO] [stdout]    |                                     ^^^^^^^^^^^^^^^ use of undeclared type or module `SellByCondition`
[INFO] [stdout] 
[INFO] [stdout] 
[INFO] [stdout] error[E0433]: failed to resolve: use of undeclared type or module `ItemChange`
[INFO] [stdout]   --> src/lib.rs:78:31
[INFO] [stdout]    |
[INFO] [stdout] 78 |                 effects: vec![ItemChange::DecreaseQuality(1)],
[INFO] [stdout]    |                               ^^^^^^^^^^ use of undeclared type or module `ItemChange`
[INFO] [stdout] 
[INFO] [stdout] 
[INFO] [stdout] error[E0433]: failed to resolve: use of undeclared type or module `ItemChange`
[INFO] [stdout]   --> src/lib.rs:88:35
[INFO] [stdout]    |
[INFO] [stdout] 88 |                     effects: vec![ItemChange::DecreaseQuality(2)],
[INFO] [stdout]    |                                   ^^^^^^^^^^ use of undeclared type or module `ItemChange`
[INFO] [stdout] 
[INFO] [stdout] 
[INFO] [stdout] error[E0433]: failed to resolve: use of undeclared type or module `SellByCondition`
[INFO] [stdout]   --> src/lib.rs:91:41
[INFO] [stdout]    |
[INFO] [stdout] 91 |                     condition: Box::new(SellByCondition::After),
[INFO] [stdout]    |                                         ^^^^^^^^^^^^^^^ use of undeclared type or module `SellByCondition`
[INFO] [stdout] 
[INFO] [stdout] 
[INFO] [stdout] error[E0433]: failed to resolve: use of undeclared type or module `ItemChange`
[INFO] [stdout]   --> src/lib.rs:92:35
[INFO] [stdout]    |
[INFO] [stdout] 92 |                     effects: vec![ItemChange::DecreaseQuality(2)],
[INFO] [stdout]    |                                   ^^^^^^^^^^ use of undeclared type or module `ItemChange`
[INFO] [stdout] 
[INFO] [stdout] 
[INFO] [stdout] error[E0433]: failed to resolve: use of undeclared type or module `ItemChange`
[INFO] [stdout]    --> src/lib.rs:103:35
[INFO] [stdout]     |
[INFO] [stdout] 103 |                     effects: vec![ItemChange::IncreaseQuality(1)],
[INFO] [stdout]     |                                   ^^^^^^^^^^ use of undeclared type or module `ItemChange`
[INFO] [stdout] 
[INFO] [stdout] 
[INFO] [stdout] error[E0433]: failed to resolve: use of undeclared type or module `ItemChange`
[INFO] [stdout]    --> src/lib.rs:113:35
[INFO] [stdout]     |
[INFO] [stdout] 113 |                     effects: vec![ItemChange::IncreaseQuality(1)],
[INFO] [stdout]     |                                   ^^^^^^^^^^ use of undeclared type or module `ItemChange`
[INFO] [stdout] 
[INFO] [stdout] 
[INFO] [stdout] error[E0433]: failed to resolve: use of undeclared type or module `SellByCondition`
[INFO] [stdout]    --> src/lib.rs:116:41
[INFO] [stdout]     |
[INFO] [stdout] 116 |                     condition: Box::new(SellByCondition::WithinNDaysExclusive(10)),
[INFO] [stdout]     |                                         ^^^^^^^^^^^^^^^ use of undeclared type or module `SellByCondition`
[INFO] [stdout] 
[INFO] [stdout] 
[INFO] [stdout] error[E0433]: failed to resolve: use of undeclared type or module `ItemChange`
[INFO] [stdout]    --> src/lib.rs:117:35
[INFO] [stdout]     |
[INFO] [stdout] 117 |                     effects: vec![ItemChange::IncreaseQuality(1)],
[INFO] [stdout]     |                                   ^^^^^^^^^^ use of undeclared type or module `ItemChange`
[INFO] [stdout] 
[INFO] [stdout] 
[INFO] [stdout] error[E0433]: failed to resolve: use of undeclared type or module `SellByCondition`
[INFO] [stdout]    --> src/lib.rs:120:41
[INFO] [stdout]     |
[INFO] [stdout] 120 |                     condition: Box::new(SellByCondition::WithinNDaysExclusive(5)),
[INFO] [stdout]     |                                         ^^^^^^^^^^^^^^^ use of undeclared type or module `SellByCondition`
[INFO] [stdout] 
[INFO] [stdout] 
[INFO] [stdout] error[E0433]: failed to resolve: use of undeclared type or module `ItemChange`
[INFO] [stdout]    --> src/lib.rs:121:35
[INFO] [stdout]     |
[INFO] [stdout] 121 |                     effects: vec![ItemChange::IncreaseQuality(1)],
[INFO] [stdout]     |                                   ^^^^^^^^^^ use of undeclared type or module `ItemChange`
[INFO] [stdout] 
[INFO] [stdout] 
[INFO] [stdout] error[E0433]: failed to resolve: use of undeclared type or module `SellByCondition`
[INFO] [stdout]    --> src/lib.rs:124:41
[INFO] [stdout]     |
[INFO] [stdout] 124 |                     condition: Box::new(SellByCondition::OnDayOrAfter),
[INFO] [stdout]     |                                         ^^^^^^^^^^^^^^^ use of undeclared type or module `SellByCondition`
[INFO] [stdout] 
[INFO] [stdout] 
[INFO] [stdout] error[E0433]: failed to resolve: use of undeclared type or module `ItemChange`
[INFO] [stdout]    --> src/lib.rs:125:35
[INFO] [stdout]     |
[INFO] [stdout] 125 |                     effects: vec![ItemChange::SetQuality(0)],
[INFO] [stdout]     |                                   ^^^^^^^^^^ use of undeclared type or module `ItemChange`
[INFO] [stdout] 
[INFO] [stdout] 
[INFO] [stdout] error[E0405]: cannot find trait `ItemCondition` in this scope
[INFO] [stdout]   --> src/lib.rs:14:28
[INFO] [stdout]    |
[INFO] [stdout] 12 | enum ItemBehavior {
[INFO] [stdout]    |                  - help: you might be missing a type parameter: `<ItemCondition>`
[INFO] [stdout] 13 |     EachDay {
[INFO] [stdout] 14 |         condition: Box<dyn ItemCondition>,
[INFO] [stdout]    |                            ^^^^^^^^^^^^^ not found in this scope
[INFO] [stdout] 
[INFO] [stdout] 
[INFO] [stdout] error[E0412]: cannot find type `ItemChange` in this scope
[INFO] [stdout]   --> src/lib.rs:15:22
[INFO] [stdout]    |
[INFO] [stdout] 12 | enum ItemBehavior {
[INFO] [stdout]    |                  - help: you might be missing a type parameter: `<ItemChange>`
[INFO] [stdout] ...
[INFO] [stdout] 15 |         effects: Vec<ItemChange>,
[INFO] [stdout]    |                      ^^^^^^^^^^ not found in this scope
[INFO] [stdout] 
[INFO] [stdout] 
[INFO] [stdout] error[E0425]: cannot find value `AlwaysTrueCondition` in this scope
[INFO] [stdout]   --> src/lib.rs:40:33
[INFO] [stdout]    |
[INFO] [stdout] 40 |             condition: Box::new(AlwaysTrueCondition),
[INFO] [stdout]    |                                 ^^^^^^^^^^^^^^^^^^^ not found in this scope
[INFO] [stdout] 
[INFO] [stdout] 
[INFO] [stdout] error[E0425]: cannot find value `AlwaysTrueCondition` in this scope
[INFO] [stdout]   --> src/lib.rs:73:37
[INFO] [stdout]    |
[INFO] [stdout] 73 |                 condition: Box::new(AlwaysTrueCondition),
[INFO] [stdout]    |                                     ^^^^^^^^^^^^^^^^^^^ not found in this scope
[INFO] [stdout] 
[INFO] [stdout] 
[INFO] [stdout] error[E0425]: cannot find value `AlwaysTrueCondition` in this scope
[INFO] [stdout]   --> src/lib.rs:87:41
[INFO] [stdout]    |
[INFO] [stdout] 87 |                     condition: Box::new(AlwaysTrueCondition),
[INFO] [stdout]    |                                         ^^^^^^^^^^^^^^^^^^^ not found in this scope
[INFO] [stdout] 
[INFO] [stdout] 
[INFO] [stdout] error[E0425]: cannot find value `AlwaysTrueCondition` in this scope
[INFO] [stdout]    --> src/lib.rs:102:41
[INFO] [stdout]     |
[INFO] [stdout] 102 |                     condition: Box::new(AlwaysTrueCondition),
[INFO] [stdout]     |                                         ^^^^^^^^^^^^^^^^^^^ not found in this scope
[INFO] [stdout] 
[INFO] [stdout] 
[INFO] [stdout] error[E0425]: cannot find value `AlwaysTrueCondition` in this scope
[INFO] [stdout]    --> src/lib.rs:112:41
[INFO] [stdout]     |
[INFO] [stdout] 112 |                     condition: Box::new(AlwaysTrueCondition),
[INFO] [stdout]     |                                         ^^^^^^^^^^^^^^^^^^^ not found in this scope
[INFO] [stdout] 
[INFO] [stdout] 
[INFO] [stdout] warning: unused import: `cond::*`
[INFO] [stdout]  --> src/lib.rs:9:5
[INFO] [stdout]   |
[INFO] [stdout] 9 | use cond::*;
[INFO] [stdout]   |     ^^^^^^^
[INFO] [stdout]   |
[INFO] [stdout]   = note: `#[warn(unused_imports)]` on by default
[INFO] [stdout] 
[INFO] [stdout] 
[INFO] [stdout] warning: unused import: `update::*`
[INFO] [stdout]   --> src/lib.rs:10:5
[INFO] [stdout]    |
[INFO] [stdout] 10 | use update::*;
[INFO] [stdout]    |     ^^^^^^^^^
[INFO] [stdout] 
[INFO] [stdout] 
[INFO] [stdout] error: aborting due to 24 previous errors; 2 warnings emitted
[INFO] [stdout] 
[INFO] [stdout] 
[INFO] [stdout] Some errors have detailed explanations: E0405, E0412, E0425, E0433, E0583.
[INFO] [stdout] 
[INFO] [stdout] For more information about an error, try `rustc --explain E0405`.
[INFO] [stdout] 
[INFO] [stderr] error: could not compile `gilded_rose`.
[INFO] [stderr] 
[INFO] [stderr] To learn more, run the command again with --verbose.
[INFO] [stderr] warning: build failed, waiting for other jobs to finish...
[INFO] [stdout] error[E0433]: failed to resolve: use of undeclared type or module `ItemChange`
[INFO] [stdout]   --> src/lib.rs:41:27
[INFO] [stdout]    |
[INFO] [stdout] 41 |             effects: vec![ItemChange::DecreaseSellInByOne],
[INFO] [stdout]    |                           ^^^^^^^^^^ use of undeclared type or module `ItemChange`
[INFO] [stdout] 
[INFO] [stdout] 
[INFO] [stdout] error[E0433]: failed to resolve: use of undeclared type or module `ItemChange`
[INFO] [stdout]   --> src/lib.rs:74:31
[INFO] [stdout]    |
[INFO] [stdout] 74 |                 effects: vec![ItemChange::DecreaseQuality(1)],
[INFO] [stdout]    |                               ^^^^^^^^^^ use of undeclared type or module `ItemChange`
[INFO] [stdout] 
[INFO] [stdout] 
[INFO] [stdout] error[E0433]: failed to resolve: use of undeclared type or module `SellByCondition`
[INFO] [stdout]   --> src/lib.rs:77:37
[INFO] [stdout]    |
[INFO] [stdout] 77 |                 condition: Box::new(SellByCondition::After),
[INFO] [stdout]    |                                     ^^^^^^^^^^^^^^^ use of undeclared type or module `SellByCondition`
[INFO] [stdout] 
[INFO] [stdout] 
[INFO] [stdout] error[E0433]: failed to resolve: use of undeclared type or module `ItemChange`
[INFO] [stdout]   --> src/lib.rs:78:31
[INFO] [stdout]    |
[INFO] [stdout] 78 |                 effects: vec![ItemChange::DecreaseQuality(1)],
[INFO] [stdout]    |                               ^^^^^^^^^^ use of undeclared type or module `ItemChange`
[INFO] [stdout] 
[INFO] [stdout] 
[INFO] [stdout] error[E0433]: failed to resolve: use of undeclared type or module `ItemChange`
[INFO] [stdout]   --> src/lib.rs:88:35
[INFO] [stdout]    |
[INFO] [stdout] 88 |                     effects: vec![ItemChange::DecreaseQuality(2)],
[INFO] [stdout]    |                                   ^^^^^^^^^^ use of undeclared type or module `ItemChange`
[INFO] [stdout] 
[INFO] [stdout] 
[INFO] [stdout] error[E0433]: failed to resolve: use of undeclared type or module `SellByCondition`
[INFO] [stdout]   --> src/lib.rs:91:41
[INFO] [stdout]    |
[INFO] [stdout] 91 |                     condition: Box::new(SellByCondition::After),
[INFO] [stdout]    |                                         ^^^^^^^^^^^^^^^ use of undeclared type or module `SellByCondition`
[INFO] [stdout] 
[INFO] [stdout] 
[INFO] [stdout] error[E0433]: failed to resolve: use of undeclared type or module `ItemChange`
[INFO] [stdout]   --> src/lib.rs:92:35
[INFO] [stdout]    |
[INFO] [stdout] 92 |                     effects: vec![ItemChange::DecreaseQuality(2)],
[INFO] [stdout]    |                                   ^^^^^^^^^^ use of undeclared type or module `ItemChange`
[INFO] [stdout] 
[INFO] [stdout] 
[INFO] [stdout] error[E0433]: failed to resolve: use of undeclared type or module `ItemChange`
[INFO] [stdout]    --> src/lib.rs:103:35
[INFO] [stdout]     |
[INFO] [stdout] 103 |                     effects: vec![ItemChange::IncreaseQuality(1)],
[INFO] [stdout]     |                                   ^^^^^^^^^^ use of undeclared type or module `ItemChange`
[INFO] [stdout] 
[INFO] [stdout] 
[INFO] [stdout] error[E0433]: failed to resolve: use of undeclared type or module `ItemChange`
[INFO] [stdout]    --> src/lib.rs:113:35
[INFO] [stdout]     |
[INFO] [stdout] 113 |                     effects: vec![ItemChange::IncreaseQuality(1)],
[INFO] [stdout]     |                                   ^^^^^^^^^^ use of undeclared type or module `ItemChange`
[INFO] [stdout] 
[INFO] [stdout] 
[INFO] [stdout] error[E0433]: failed to resolve: use of undeclared type or module `SellByCondition`
[INFO] [stdout]    --> src/lib.rs:116:41
[INFO] [stdout]     |
[INFO] [stdout] 116 |                     condition: Box::new(SellByCondition::WithinNDaysExclusive(10)),
[INFO] [stdout]     |                                         ^^^^^^^^^^^^^^^ use of undeclared type or module `SellByCondition`
[INFO] [stdout] 
[INFO] [stdout] 
[INFO] [stdout] error[E0433]: failed to resolve: use of undeclared type or module `ItemChange`
[INFO] [stdout]    --> src/lib.rs:117:35
[INFO] [stdout]     |
[INFO] [stdout] 117 |                     effects: vec![ItemChange::IncreaseQuality(1)],
[INFO] [stdout]     |                                   ^^^^^^^^^^ use of undeclared type or module `ItemChange`
[INFO] [stdout] 
[INFO] [stdout] 
[INFO] [stdout] error[E0433]: failed to resolve: use of undeclared type or module `SellByCondition`
[INFO] [stdout]    --> src/lib.rs:120:41
[INFO] [stdout]     |
[INFO] [stdout] 120 |                     condition: Box::new(SellByCondition::WithinNDaysExclusive(5)),
[INFO] [stdout]     |                                         ^^^^^^^^^^^^^^^ use of undeclared type or module `SellByCondition`
[INFO] [stdout] 
[INFO] [stdout] 
[INFO] [stdout] error[E0433]: failed to resolve: use of undeclared type or module `ItemChange`
[INFO] [stdout]    --> src/lib.rs:121:35
[INFO] [stdout]     |
[INFO] [stdout] 121 |                     effects: vec![ItemChange::IncreaseQuality(1)],
[INFO] [stdout]     |                                   ^^^^^^^^^^ use of undeclared type or module `ItemChange`
[INFO] [stdout] 
[INFO] [stdout] 
[INFO] [stdout] error[E0433]: failed to resolve: use of undeclared type or module `SellByCondition`
[INFO] [stdout]    --> src/lib.rs:124:41
[INFO] [stdout]     |
[INFO] [stdout] 124 |                     condition: Box::new(SellByCondition::OnDayOrAfter),
[INFO] [stdout]     |                                         ^^^^^^^^^^^^^^^ use of undeclared type or module `SellByCondition`
[INFO] [stdout] 
[INFO] [stdout] 
[INFO] [stdout] error[E0433]: failed to resolve: use of undeclared type or module `ItemChange`
[INFO] [stdout]    --> src/lib.rs:125:35
[INFO] [stdout]     |
[INFO] [stdout] 125 |                     effects: vec![ItemChange::SetQuality(0)],
[INFO] [stdout]     |                                   ^^^^^^^^^^ use of undeclared type or module `ItemChange`
[INFO] [stdout] 
[INFO] [stdout] 
[INFO] [stdout] error[E0405]: cannot find trait `ItemCondition` in this scope
[INFO] [stdout]   --> src/lib.rs:14:28
[INFO] [stdout]    |
[INFO] [stdout] 12 | enum ItemBehavior {
[INFO] [stdout]    |                  - help: you might be missing a type parameter: `<ItemCondition>`
[INFO] [stdout] 13 |     EachDay {
[INFO] [stdout] 14 |         condition: Box<dyn ItemCondition>,
[INFO] [stdout]    |                            ^^^^^^^^^^^^^ not found in this scope
[INFO] [stdout] 
[INFO] [stdout] 
[INFO] [stdout] error[E0412]: cannot find type `ItemChange` in this scope
[INFO] [stdout]   --> src/lib.rs:15:22
[INFO] [stdout]    |
[INFO] [stdout] 12 | enum ItemBehavior {
[INFO] [stdout]    |                  - help: you might be missing a type parameter: `<ItemChange>`
[INFO] [stdout] ...
[INFO] [stdout] 15 |         effects: Vec<ItemChange>,
[INFO] [stdout]    |                      ^^^^^^^^^^ not found in this scope
[INFO] [stdout] 
[INFO] [stdout] 
[INFO] [stdout] error[E0425]: cannot find value `AlwaysTrueCondition` in this scope
[INFO] [stdout]   --> src/lib.rs:40:33
[INFO] [stdout]    |
[INFO] [stdout] 40 |             condition: Box::new(AlwaysTrueCondition),
[INFO] [stdout]    |                                 ^^^^^^^^^^^^^^^^^^^ not found in this scope
[INFO] [stdout] 
[INFO] [stdout] 
[INFO] [stdout] error[E0425]: cannot find value `AlwaysTrueCondition` in this scope
[INFO] [stdout]   --> src/lib.rs:73:37
[INFO] [stdout]    |
[INFO] [stdout] 73 |                 condition: Box::new(AlwaysTrueCondition),
[INFO] [stdout]    |                                     ^^^^^^^^^^^^^^^^^^^ not found in this scope
[INFO] [stdout] 
[INFO] [stdout] 
[INFO] [stdout] error[E0425]: cannot find value `AlwaysTrueCondition` in this scope
[INFO] [stdout]   --> src/lib.rs:87:41
[INFO] [stdout]    |
[INFO] [stdout] 87 |                     condition: Box::new(AlwaysTrueCondition),
[INFO] [stdout]    |                                         ^^^^^^^^^^^^^^^^^^^ not found in this scope
[INFO] [stdout] 
[INFO] [stdout] 
[INFO] [stdout] error[E0425]: cannot find value `AlwaysTrueCondition` in this scope
[INFO] [stdout]    --> src/lib.rs:102:41
[INFO] [stdout]     |
[INFO] [stdout] 102 |                     condition: Box::new(AlwaysTrueCondition),
[INFO] [stdout]     |                                         ^^^^^^^^^^^^^^^^^^^ not found in this scope
[INFO] [stdout] 
[INFO] [stdout] 
[INFO] [stdout] error[E0425]: cannot find value `AlwaysTrueCondition` in this scope
[INFO] [stdout]    --> src/lib.rs:112:41
[INFO] [stdout]     |
[INFO] [stdout] 112 |                     condition: Box::new(AlwaysTrueCondition),
[INFO] [stdout]     |                                         ^^^^^^^^^^^^^^^^^^^ not found in this scope
[INFO] [stdout] 
[INFO] [stdout] 
[INFO] [stdout] warning: unused import: `cond::*`
[INFO] [stdout]  --> src/lib.rs:9:5
[INFO] [stdout]   |
[INFO] [stdout] 9 | use cond::*;
[INFO] [stdout]   |     ^^^^^^^
[INFO] [stdout]   |
[INFO] [stdout]   = note: `#[warn(unused_imports)]` on by default
[INFO] [stdout] 
[INFO] [stdout] 
[INFO] [stdout] warning: unused import: `update::*`
[INFO] [stdout]   --> src/lib.rs:10:5
[INFO] [stdout]    |
[INFO] [stdout] 10 | use update::*;
[INFO] [stdout]    |     ^^^^^^^^^
[INFO] [stdout] 
[INFO] [stdout] 
[INFO] [stdout] error: aborting due to 24 previous errors; 2 warnings emitted
[INFO] [stdout] 
[INFO] [stdout] 
[INFO] [stdout] Some errors have detailed explanations: E0405, E0412, E0425, E0433, E0583.
[INFO] [stdout] 
[INFO] [stdout] For more information about an error, try `rustc --explain E0405`.
[INFO] [stdout] 
[INFO] [stderr] error: build failed
[INFO] running `Command { std: "docker" "inspect" "d655871f50d13d8df01f55900acae0cb783b98c5c447e760d40b970e236b75d8", kill_on_drop: false }`
[INFO] running `Command { std: "docker" "rm" "-f" "d655871f50d13d8df01f55900acae0cb783b98c5c447e760d40b970e236b75d8", kill_on_drop: false }`
[INFO] [stdout] d655871f50d13d8df01f55900acae0cb783b98c5c447e760d40b970e236b75d8
